218, -106 = 2*u + r. Let d be (-2)/(-5)*(-70)/2. Let i = d - u. What is the units digit of i?
8
Suppose 8*p + 56 = 360. Let x = p + -16. What is the units digit of x?
2
Let t(v) = 462*v**2 - 25*v + 24. What is the tens digit of t(1)?
6
Let j(i) = 2*i - 14. Let s be j(8). Suppose s*a - k - 3*k = 80, -233 = -5*a - k. What is the tens digit of a?
4
Suppose 3*h = -2 + 8. Let o(l) = 2 + h*l**2 - 9*l + 4*l - 4. What is the units digit of o(5)?
3
Let d be (-4)/(-1 + 3 + -4). Suppose 4*y = d*y + 66. What is the units digit of y?
3
Let t(q) = q - 10. Let l be t(15). Suppose l*z - 17 = 4*z. What is the tens digit of z?
1
Suppose -3*c = -q - 2, c + q + 6 = -2*q. What is the hundreds digit of 2/(-4)*(c + 0) - -125?
1
Let x be 2*-1 - 1 - (-10 + 7). Suppose 4*i + 72 - 724 = x. What is the hundreds digit of i?
1
Suppose 3*h - 3 = 2*d, -d - 2*h = 4*d + 17. Suppose 0 = 3*s - 1 + 19. What is the tens digit of (4 - (d - s)) + 13?
1
Let u(y) = -y - 1. Let p be u(-1). Let m be 12 + -3 + (-2 - p). Suppose 5*v + 34 = m*v. What is the tens digit of v?
1
Let o(p) = -15*p + 3. Let t be o(2). Let z be (-1 - t) + (-18)/6. Suppose -u + 15 = -z. What is the units digit of u?
8
What is the hundreds digit of ((-16)/(-5))/(21 + 116844/(-5565))?
8
Let n be (-99)/(-2)*(2 - -10). Let w = -287 + n. What is the hundreds digit of w?
3
Suppose -13*z = -19598 - 9119. What is the units digit of z?
9
Let a(t) be the second derivative of t**4/12 - t**3/3 - 15*t**2/2 - 7*t. What is the units digit of a(-7)?
8
Suppose -9*l + 4412 = -2896. What is the hundreds digit of l?
8
Let c = 24 + -77. Let l = 232 + c. What is the tens digit of l?
7
Suppose 24*i - 9245 = -19*i. What is the tens digit of i?
1
Suppose 4436 = 3*s + s. What is the units digit of s?
9
Let m = -45 - -644. What is the hundreds digit of m?
5
Let u(i) = -2*i**3 + 6*i**2 + 8*i - 67. What is the tens digit of u(-10)?
5
Let r = 151 + -157. What is the tens digit of ((-1)/(r/64))/((-96)/(-144))?
1
What is the hundreds digit of 65159/299 + 2/26?
2
What is the hundreds digit of (1032/(-3) + -1)/(117/(-78))?
2
Let d(s) be the third derivative of s**6/120 - 7*s**5/60 - s**4/4 + 2*s**3/3 - 30*s**2 + 3*s. Let k = 13 + -5. What is the tens digit of d(k)?
2
Let o be ((3 - 3)/(-2))/(-1). Suppose 44 = f - o*f. What is the tens digit of f?
4
Suppose 2*s - 11 = -4*n + 7*s, -n - 4*s = -8. What is the units digit of 59*n/(-8)*-2?
9
Suppose -5*i = -4*r + 6, -5*r + 22 = -i + 2*i. Suppose 5*o = 4*a + 61, o - 13 = 4*a - r. What is the units digit of o?
3
Suppose 0 = -x - o + 10, 0*x - 4*o = 2*x - 30. Suppose d = x*c - 18 - 40, 0 = -5*d - 2*c - 290. What is the tens digit of -1 + d/((-6)/3)?
2
What is the tens digit of 1*(-7539)/6*32/(-56)?
1
Suppose -21*v + 22*v = 10. Suppose -30 = -4*l + v. Suppose -392 = -l*i + 3*i. What is the tens digit of i?
5
What is the units digit of (-1)/(0 - 4804/1601 - -3)?
1
Suppose -3 = -2*y + 17. Let j(f) = f**3 - 9*f**2 - 10*f + 21. What is the units digit of j(y)?
1
Let g(c) = c**3 - 12*c**2 + 14*c - 3. Let d be g(13). Suppose 5*n = k + 4*k - 570, -3*n + d = 3*k. What is the hundreds digit of k?
1
Suppose 4*n - z = 84, -3*n + 3*z = 2*z - 63. Suppose 0 = 2*m - 65 - n. Suppose -k = -2*g + m, -6*k + 25 = -k. What is the tens digit of g?
2
Let s = -21 - -27. Let f be 10*((-12)/8 - 0). Let g = s - f. What is the tens digit of g?
2
Let d(g) = -23*g - 1. Let n be d(1). Let b = n - -10. What is the tens digit of b*(-1)/(4/14)?
4
Suppose -4*k + 2*a + 2*a + 16 = 0, -k - 3*a + 8 = 0. Suppose k*v - 19 - 191 = 0. Suppose 0*j + 2*j - v = 0. What is the units digit of j?
1
Suppose -m = m. Let r be (2 + m)/((-20)/30). What is the units digit of -1*(0 - r) - -28?
5
Let u(v) = 11*v**2 + 6*v + 8. What is the units digit of u(-7)?
5
Suppose -m = 2*m - 6. Suppose m*r + 72 = 2*x, x + x - r = 72. What is the units digit of x?
6
Let n(b) = -b**3 + 17*b**2 - 5*b - 21. Suppose 0 = 4*g - 48 - 16. What is the units digit of n(g)?
5
Suppose d + 4*f = 1 - 0, -2 = -2*d - 5*f. What is the units digit of (-3 - (d - 3))*1*-19?
9
Let p(s) = -8*s**3 - s**2 - 3. Suppose -j = 2*j - 3*u - 48, 2*u - 2 = 0. Suppose w = 5*l - j, -10 - 6 = 2*w - 4*l. What is the tens digit of p(w)?
5
Suppose 5*k + 596 = 4*r, -3*r - 49 = -5*k - 496. What is the units digit of 3/((-6)/(-4)) + r?
1
Let d(r) = -r**3 + 9*r**2 - 10*r - 4. Let m be d(8). Let z be (-11 - -3)*155/m. Suppose 4*h = 5*t - h - 110, -z = -3*t + 4*h. What is the units digit of t?
6
Suppose -75*z = -67*z - 1912. What is the hundreds digit of z?
2
Suppose 0 = -t + y - 5*y + 94, -5*t - 3*y + 504 = 0. Suppose t = -c + 2*c. What is the hundreds digit of c?
1
Let m be (-9)/(-3) + (-2 - -40). Suppose 2*i = m + 1. Suppose 4*k - 60 = -2*a, 2*k - i = k + a. What is the units digit of k?
7
Let m = 1606 - 490. What is the tens digit of m?
1
Suppose -2*i = s - 725, 11*s - 733 = 10*s + 2*i. What is the units digit of s?
9
Let y = 15 - 17. Let k(m) = 8*m**2 + 2*m - 1. What is the tens digit of k(y)?
2
Let n = 858 - 520. Suppose 3*b - 666 = -b + 2*r, -2*b - 4*r + n = 0. What is the units digit of b?
7
Suppose -w = -3*w + 12. Suppose 5*c + w = -4*t - 2, 3*t = -c + 5. Suppose -t*n - n - 4*b + 196 = 0, 4*n + 5*b - 197 = 0. What is the units digit of n?
8
Suppose 0 = 616*v - 622*v + 29430. What is the hundreds digit of v?
9
Suppose -v + 9 = 2*v. Suppose -w - v*w = 16, -221 = -5*a - w. What is the tens digit of a?
4
Let d = -52 + 48. What is the tens digit of (83 - 4/(-4)) + d?
8
Suppose -8*u + 1144 + 744 = 0. What is the hundreds digit of u?
2
Let p = -15 - -17. Suppose -x + 11 = d, p*x = -2*d + x + 20. What is the units digit of d?
9
Let n = -25 - -19. Let b = 67 + n. What is the tens digit of b?
6
Let p = 2601 - -504. What is the units digit of p?
5
What is the units digit of 195/(-2)*(-40)/3?
0
Let y be 3*(1 + 1 + -1). Let o be y/(-7) + (-228)/(-42). Suppose f - o = -4. What is the units digit of f?
1
Let n(f) = 133*f**2 - f + 1. What is the hundreds digit of n(-2)?
5
Let l(o) = -15*o + 63. What is the hundreds digit of l(-12)?
2
Let d = -11 - -9. Let y be (5/d)/(2/(-4)). Suppose -5*k = 2*p - 124, y*p + 0 = k - 14. What is the tens digit of k?
2
Let b(d) = 3*d - 15. Let a be b(4). What is the units digit of (-1371)/(-9) - a/(-36)*4?
2
What is the tens digit of -4 - 1/3*(-15 + -5748)?
1
Suppose 31*c - 5733 = 22*c. What is the hundreds digit of c?
6
Suppose -3*a + 344 - 130 = -4*f, f + 136 = 2*a. What is the tens digit of (8 + a)/((-4)/(-2))?
3
Let j(p) = -803*p - 185. What is the hundreds digit of j(-5)?
8
Suppose -11856 = -7*q - 1965. What is the tens digit of q?
1
Suppose 0 = -7*t + 3355 + 1286. What is the tens digit of t?
6
Let j(d) = d**3 - 12*d**2 - d + 1. Let z be j(12). Let n = z - -121. What is the tens digit of n?
1
Let j be 15/(-6)*6/(-5). Suppose -j*h + f = 5*f - 102, -3*f = -5*h + 199. What is the units digit of h?
8
Let x = -45 + 50. Suppose 105 + 60 = x*t. What is the tens digit of t?
3
Let c be (-324)/(-28) - 3/(-7). Let u = c - -15. Let y = u + -18. What is the units digit of y?
9
Let g(p) = -16*p**2 + p + 6. Let w be g(3). What is the units digit of (366/8)/(w/(-40) + -3)?
2
Suppose 17 = 4*o - 5*h, o - 4*h + 0 = 18. Let f be 3 - (o + 2 + 9). What is the units digit of 0 - (f/3 - 1)?
3
Suppose 7*p = 102 + 241. Let a = 186 - p. What is the units digit of a?
7
Let s be 1/3 - 8817/(-9). Let y be (-4)/10 - s/50. Let n = 11 - y. What is the units digit of n?
1
Let o = -726 - -1065. What is the units digit of o?
9
Suppose 0 = -6*z + 2*z + 60. Let x be (z/12)/(1/8). Let w = 20 + x. What is the units digit of w?
0
Let b(p) = p**3 + 13*p**2 + 11*p - 7. Let v be b(-12). Suppose 0*u + 250 = v*u. What is the units digit of u?
0
Let p(m) = -25*m + 2. Let t be p(-2). Let s be (3 - 4)*1 - 154/(-2). Let i = s - t. What is the units digit of i?
4
Suppose 146 + 2 = 2*p. What is the units digit of p?
4
Let w(i) = -36*i + 64. What is the hundreds digit of w(-6)?
2
Suppose 0 = 2*i - 2 - 30. Let g = 18 - i. What is the tens digit of 56/2 - (-1 + g)?
2
What is the units digit of (-5439)/(-18) - (-3)/(-18)?
2
Let n be (0 - 1)/(-1) + (-1)/1. Suppose -l + 7*l - 498 = n. What is the units digit of l?
3
Suppose 0 = -3*w + 4*w - 3*f - 88, -w = -5*f - 82. Let z = w - 51. What is the tens digit of z?
4
Let h(o) = -3*o**3 + 3*o**2 +